{"id":2537,"date":"2023-07-28T12:41:54","date_gmt":"2023-07-28T12:41:54","guid":{"rendered":"https:\/?post_type=product&#038;p=2537"},"modified":"2023-08-12T10:36:24","modified_gmt":"2023-08-12T10:36:24","slug":"summer-abaya-rose","status":"publish","type":"product","link":"https:\/\/forthevega.com\/index.php\/product\/summer-abaya-rose\/","title":{"rendered":"Summer abaya rose"},"content":{"rendered":"<p>-Abaya rose b\u00e9b\u00e9 standard ( tlbs mn s jusqu&#8217;\u00e0 xxxl)<\/p>\n<p>-Sa longueur 145cm ( tlbs whda tolha max 175cm)<\/p>\n<p>&#8211; tissu crepe sph id\u00e9al pour l&#8217;\u00e9t\u00e9<\/p>\n","protected":false},"excerpt":{"rendered":"<p>-Abaya rose b\u00e9b\u00e9 standard ( tlbs mn s jusqu&#8217;\u00e0 xxxl) -Sa longueur 145cm ( tlbs whda tolha max 175cm) &#8211; tissu crepe sph id\u00e9al pour l&#8217;\u00e9t\u00e9<\/p>\n","protected":false},"featured_media":2539,"comment_status":"open","ping_status":"closed","template":"","meta":[],"product_brand":[],"product_cat":[15],"product_tag":[],"class_list":{"0":"post-2537","1":"product","2":"type-product","3":"status-publish","4":"has-post-thumbnail","6":"product_cat-uncategorized","8":"first","9":"outofstock","10":"shipping-taxable","11":"purchasable","12":"product-type-variable"},"_links":{"self":[{"href":"https:\/\/forthevega.com\/index.php\/wp-json\/wp\/v2\/product\/2537","targetHints":{"allow":["GET"]}}],"collection":[{"href":"https:\/\/forthevega.com\/index.php\/wp-json\/wp\/v2\/product"}],"about":[{"href":"https:\/\/forthevega.com\/index.php\/wp-json\/wp\/v2\/types\/product"}],"replies":[{"embeddable":true,"href":"https:\/\/forthevega.com\/index.php\/wp-json\/wp\/v2\/comments?post=2537"}],"wp:featuredmedia":[{"embeddable":true,"href":"https:\/\/forthevega.com\/index.php\/wp-json\/wp\/v2\/media\/2539"}],"wp:attachment":[{"href":"https:\/\/forthevega.com\/index.php\/wp-json\/wp\/v2\/media?parent=2537"}],"wp:term":[{"taxonomy":"product_brand","embeddable":true,"href":"https:\/\/forthevega.com\/index.php\/wp-json\/wp\/v2\/product_brand?post=2537"},{"taxonomy":"product_cat","embeddable":true,"href":"https:\/\/forthevega.com\/index.php\/wp-json\/wp\/v2\/product_cat?post=2537"},{"taxonomy":"product_tag","embeddable":true,"href":"https:\/\/forthevega.com\/index.php\/wp-json\/wp\/v2\/product_tag?post=2537"}],"curies":[{"name":"wp","href":"https:\/\/api.w.org\/{rel}","templated":true}]}}